{"id":48,"date":"2014-06-06T09:16:15","date_gmt":"2014-06-06T07:16:15","guid":{"rendered":"http:\/\/www.diquima.upm.es\/ismaeldiaz\/?page_id=48"},"modified":"2022-02-15T17:36:02","modified_gmt":"2022-02-15T15:36:02","slug":"research-activities","status":"publish","type":"page","link":"https:\/\/www.diquima.upm.es\/ismaeldiaz\/?page_id=48","title":{"rendered":"Research"},"content":{"rendered":"<p><a href=\"http:\/\/www.diquima.upm.es\/ismaeldiaz\/wp-content\/uploads\/2021\/04\/Imagen2.png\"><img loading=\"lazy\" decoding=\"async\" class=\"alignnone size-full wp-image-383\" src=\"http:\/\/www.diquima.upm.es\/ismaeldiaz\/wp-content\/uploads\/2021\/04\/Imagen2.png\" alt=\"\" width=\"1213\" height=\"584\" srcset=\"https:\/\/www.diquima.upm.es\/ismaeldiaz\/wp-content\/uploads\/2021\/04\/Imagen2.png 1213w, https:\/\/www.diquima.upm.es\/ismaeldiaz\/wp-content\/uploads\/2021\/04\/Imagen2-300x144.png 300w, https:\/\/www.diquima.upm.es\/ismaeldiaz\/wp-content\/uploads\/2021\/04\/Imagen2-1024x493.png 1024w, https:\/\/www.diquima.upm.es\/ismaeldiaz\/wp-content\/uploads\/2021\/04\/Imagen2-768x370.png 768w\" sizes=\"auto, (max-width: 767px) 89vw, (max-width: 1000px) 54vw, (max-width: 1071px) 543px, 580px\" \/><\/a><\/p>\n<p style=\"text-align: justify;\">The final goal of my research is simple: <strong>Help to develop better (more sustainable, safer, cleaner, more efficient&#8230;) chemical processes combining both computer-aided and experimental methods<\/strong>.<\/p>\n<p style=\"text-align: justify;\">Specifically, in the last years I have worked in 3\u00a0main\u00a0directions:<\/p>\n<ol>\n<li><em>Sustainable processes for the chemical industry<\/em> (application of new solvent, evaluation of novel separation schemes, sustainability assessment of the developed solutions).<\/li>\n<li><em>Modeling, simulation, and optimization of chemical processes<\/em> (develop user model tools for specific purposes).<\/li>\n<li><em>Applied thermodynamics<\/em> (COSMO-based models and fluid phase equilibria).<\/li>\n<\/ol>\n<p style=\"text-align: justify;\">The first two are carried out at the <a href=\"http:\/\/tierra.aslab.upm.es\/public\/\">Autonomous System Laboratory<\/a> (my current research group), in close collaboration with <a href=\"http:\/\/www.aslab.upm.es\/~mrod\">Profesor Manuel Rodr\u00edguez<\/a>, \u00a0while the last one is performed in collaboration with Universidad Complutense de Madrid and Universidad Aut\u00f3noma de Madrid.<\/p>\n<p style=\"text-align: justify;\">In the last years I have participated in several public and private funded projects:<\/p>\n<ul style=\"text-align: justify;\">\n<li>2019- SUSTEC &#8220;Tecnolog\u00edas para la mejora de la sostenibilidad de procesos y productos basados en biomasa lignocelul\u00f3sica&#8221;. Funded by Comunidad de Madrid.<\/li>\n<li>2015\u00a0&#8220;Biorrefiner\u00eda de materiales lignocelul\u00f3sicos empleando l\u00edquidos i\u00f3nicos&#8221; in collaboration with PLAPIQUI-CONICET. Funded by Universidad Polit\u00e9cnica de Madrid<\/li>\n<li>2014-2018 &#8220;LIQUORGAS&#8221; Empleo de l\u00edquidos i\u00f3nicos como alternativa a los disolventes org\u00e1nicos en procesos y productos. Funded by Comunidad de Madrid<\/li>\n<li>2013. &#8220;Feasibility study on the production of ethanol from pataca&#8221;. Funded by 3i Ingenier\u00eda<\/li>\n<li>2012-2014. &#8220;Municipal Solid Waste to Fuel process&#8221;. Funded by BEFESA<\/li>\n<li>2011-2012. \u00a0&#8220;Determinaci\u00f3n de la cin\u00e9tica de adsorci\u00f3n y desorci\u00f3n de n-parafinas de cadena larga sobre zeolita 5A&#8221;. Funded by CEPSA<\/li>\n<li>2010-2014. &#8220;REMTAVARES Red Madrile\u00f1a de Tratamientos Avanzados de Aguas Residuales con Contaminantes No Biodegradables&#8221;. Funded by Comunidad de Madrid<\/li>\n<li>2006-2007. &#8220;Estudios de mejoras en los procesos de separaci\u00f3n y purificaci\u00f3n en la producci\u00f3n de cauchos sint\u00e9ticos&#8221;. Funded by Repsol-YPF.<\/li>\n<\/ul>\n<p style=\"text-align: justify;\">\u00a0<\/p>\n\n\n<p><\/p>\n","protected":false},"excerpt":{"rendered":"<p>The final goal of my research is simple: Help to develop better (more sustainable, safer, cleaner, more efficient&#8230;) chemical processes combining both computer-aided and experimental methods. Specifically, in the last years I have worked in 3\u00a0main\u00a0directions: Sustainable processes for the chemical industry (application of new solvent, evaluation of novel separation schemes, sustainability assessment of the &hellip; <\/p>\n<p class=\"link-more\"><a href=\"https:\/\/www.diquima.upm.es\/ismaeldiaz\/?page_id=48\" class=\"more-link\">Continue reading<span class=\"screen-reader-text\"> &#8220;Research&#8221;<\/span><\/a><\/p>\n","protected":false},"author":1,"featured_media":0,"parent":0,"menu_order":0,"comment_status":"closed","ping_status":"closed","template":"page-templates\/full-width.php","meta":{"footnotes":""},"class_list":["post-48","page","type-page","status-publish","hentry"],"_links":{"self":[{"href":"https:\/\/www.diquima.upm.es\/ismaeldiaz\/index.php?rest_route=\/wp\/v2\/pages\/48","targetHints":{"allow":["GET"]}}],"collection":[{"href":"https:\/\/www.diquima.upm.es\/ismaeldiaz\/index.php?rest_route=\/wp\/v2\/pages"}],"about":[{"href":"https:\/\/www.diquima.upm.es\/ismaeldiaz\/index.php?rest_route=\/wp\/v2\/types\/page"}],"author":[{"embeddable":true,"href":"https:\/\/www.diquima.upm.es\/ismaeldiaz\/index.php?rest_route=\/wp\/v2\/users\/1"}],"replies":[{"embeddable":true,"href":"https:\/\/www.diquima.upm.es\/ismaeldiaz\/index.php?rest_route=%2Fwp%2Fv2%2Fcomments&post=48"}],"version-history":[{"count":20,"href":"https:\/\/www.diquima.upm.es\/ismaeldiaz\/index.php?rest_route=\/wp\/v2\/pages\/48\/revisions"}],"predecessor-version":[{"id":441,"href":"https:\/\/www.diquima.upm.es\/ismaeldiaz\/index.php?rest_route=\/wp\/v2\/pages\/48\/revisions\/441"}],"wp:attachment":[{"href":"https:\/\/www.diquima.upm.es\/ismaeldiaz\/index.php?rest_route=%2Fwp%2Fv2%2Fmedia&parent=48"}],"curies":[{"name":"wp","href":"https:\/\/api.w.org\/{rel}","templated":true}]}}